{"id":601,"date":"2021-04-14T11:17:16","date_gmt":"2021-04-14T17:17:16","guid":{"rendered":"http:\/\/www.kepadrisimo.com\/?post_type=product&#038;p=601"},"modified":"2021-08-01T15:21:27","modified_gmt":"2021-08-01T21:21:27","slug":"freewheel-para-anki-overdrive-copia","status":"publish","type":"product","link":"https:\/\/www.kepadrisimo.com\/index.php\/producto\/freewheel-para-anki-overdrive-copia\/","title":{"rendered":"Freewheel Supertruck para Anki Overdrive"},"content":{"rendered":"<div class=\"mceTemp\">\n<blockquote><p><img loading=\"lazy\" decoding=\"async\" data-attachment-id=\"603\" data-permalink=\"https:\/\/www.kepadrisimo.com\/?attachment_id=603\" data-orig-file=\"https:\/\/i0.wp.com\/www.kepadrisimo.com\/wp-content\/uploads\/2018\/02\/619fap99mil-1208018842.jpg?fit=1232%2C976&amp;ssl=1\" data-orig-size=\"1232,976\" data-comments-opened=\"1\" data-image-meta=\"{&quot;aperture&quot;:&quot;0&quot;,&quot;credit&quot;:&quot;&quot;,&quot;camera&quot;:&quot;&quot;,&quot;caption&quot;:&quot;&quot;,&quot;created_timestamp&quot;:&quot;0&quot;,&quot;copyright&quot;:&quot;&quot;,&quot;focal_length&quot;:&quot;0&quot;,&quot;iso&quot;:&quot;0&quot;,&quot;shutter_speed&quot;:&quot;0&quot;,&quot;title&quot;:&quot;&quot;,&quot;orientation&quot;:&quot;0&quot;}\" data-image-title=\"619fap99mil-1208018842.jpg\" data-image-description=\"&lt;p&gt;Supertruck para autopista Ankidrive&lt;\/p&gt;\n\" data-image-caption=\"&lt;p&gt;Supertruck&lt;\/p&gt;\n\" data-medium-file=\"https:\/\/i0.wp.com\/www.kepadrisimo.com\/wp-content\/uploads\/2018\/02\/619fap99mil-1208018842.jpg?fit=300%2C238&amp;ssl=1\" data-large-file=\"https:\/\/i0.wp.com\/www.kepadrisimo.com\/wp-content\/uploads\/2018\/02\/619fap99mil-1208018842.jpg?fit=1024%2C811&amp;ssl=1\" class=\"size-medium wp-image-603\" src=\"https:\/\/i0.wp.com\/www.kepadrisimo.com\/wp-content\/uploads\/2018\/02\/619fap99mil-1208018842-300x238.jpg?resize=300%2C238\" alt=\"Supertruck para Ankidrive\" width=\"300\" height=\"238\" srcset=\"https:\/\/i0.wp.com\/www.kepadrisimo.com\/wp-content\/uploads\/2018\/02\/619fap99mil-1208018842.jpg?resize=300%2C238&amp;ssl=1 300w, https:\/\/i0.wp.com\/www.kepadrisimo.com\/wp-content\/uploads\/2018\/02\/619fap99mil-1208018842.jpg?resize=768%2C608&amp;ssl=1 768w, https:\/\/i0.wp.com\/www.kepadrisimo.com\/wp-content\/uploads\/2018\/02\/619fap99mil-1208018842.jpg?resize=1024%2C811&amp;ssl=1 1024w, https:\/\/i0.wp.com\/www.kepadrisimo.com\/wp-content\/uploads\/2018\/02\/619fap99mil-1208018842.jpg?w=1232&amp;ssl=1 1232w\" sizes=\"(max-width: 300px) 100vw, 300px\" data-recalc-dims=\"1\" \/><\/p><\/blockquote>\n<ol id=\"attachment_603\" class=\"wp-caption aligncenter\" style=\"width: 300px;\">Supertruck<\/ol>\n<\/div>\n","protected":false},"excerpt":{"rendered":"<p>Anki Overdrive, el sistema inteligente de carreras de combate m\u00e1s avanzado del mundo, utiliza tu dispositivo m\u00f3vil favorito para conducir v\u00eda bluetooth, tus super autos en una autopista totalmente nueva, distinta y adictiva.<\/p>\n<p>Toma el control de verdaderos super autos y camiones !<\/p>\n<p>Ahora ponemos a tu disposici\u00f3n este fant\u00e1stico Supertruck rob\u00f3tico.<\/p>\n<ul class=\"a-unordered-list a-vertical a-spacing-none\">\n<li><span class=\"a-list-item\">Utiliza el tama\u00f1o de tus Supertrucks, armas y el nuevo sistema de control para dominar la pista en Anki OVERDRIVE. <\/span><\/li>\n<li><span class=\"a-list-item\">P\u00f3nte al mando y comanda la batalla en nuevos modos de Batalla con Furia en la Pista. <\/span><\/li>\n<\/ul>\n<p>Tecnolog\u00eda tan avanzada que puedes sentir el futuro de las autopistas.<\/p>\n<p>Cada Super Truck es un robot en s\u00ed mismo, conducido por inteligencia artificial y equipado con habilidades de combate mort\u00edferas.<\/p>\n<p>Ellos aprenden a desplazarse en cualquier dise\u00f1o de pista que construyas. Donde sea que conduzcas, ellos te seguir\u00e1n y te cazar\u00e1n, entre mejor juegues&#8230;mejores se volver\u00e1n.<\/p>\n<p>Puedes jugar con tus amigos o contra la inteligencia artificial, las opciones t\u00e1cticas son ilimitadas.<\/p>\n<p>Personaliza tus armas, intercambia tus autos, construye nuevas pistas.<\/p>\n<p>Es muy simple construir pero dif\u00edcil de dejar.<\/p>\n<h3>El futuro de las autopistas lleg\u00f3, estas listo?<\/h3>\n<ul class=\"a-unordered-list a-vertical a-spacing-none\">\n<li><span class=\"a-list-item\">Un starter kit o autopista Anki Overdrive y un dispositivo m\u00f3vil Android o IOS compatible, se requieren para jugar.<\/span><\/li>\n<\/ul>\n","protected":false},"featured_media":606,"comment_status":"open","ping_status":"closed","template":"","meta":{"spay_email":"","jetpack_publicize_message":"","jetpack_is_tweetstorm":false,"jetpack_publicize_feature_enabled":true},"product_cat":[31,85],"product_tag":[65,62,21,43],"jetpack_publicize_connections":[],"jetpack_sharing_enabled":true,"jetpack_likes_enabled":true,"jetpack-related-posts":[{"id":581,"url":"https:\/\/www.kepadrisimo.com\/index.php\/producto\/curva-para-autopista-anki-overdrive\/","url_meta":{"origin":601,"position":0},"title":"Curva para autopista Anki Overdrive","date":"9 enero, 2018","format":false,"excerpt":"Utiliza tu dispositivo m\u00f3vil para tomar control de los super autos rob\u00f3ticos en tu autopista Anki Overdrive, expande tu pista, construyendo rectas y curvas que a\u00f1aden emoci\u00f3n y pasi\u00f3n por la conducci\u00f3n, enfrentando retos sin escapatoria alguna.","rel":"","context":"Entrada similar ","img":{"alt_text":"","src":"https:\/\/i0.wp.com\/www.kepadrisimo.com\/wp-content\/uploads\/2018\/01\/81dlWcoAnLL._SL1500_.jpg?fit=1200%2C1200&ssl=1&resize=350%2C200","width":350,"height":200},"classes":[]},{"id":952,"url":"https:\/\/www.kepadrisimo.com\/index.php\/producto\/big-bang-para-anki-over-drive\/","url_meta":{"origin":601,"position":1},"title":"Big Bang para Anki Over Drive","date":"14 abril, 2020","format":false,"excerpt":"Veh\u00edculo robotizado para expandir tu autopista Anki Overdrive. Se requiere un dispositivo inteligente ya sea tel\u00e9fono o tableta y la descarga de la aplicaci\u00f3n de Anki Overdrive. \u00a0","rel":"","context":"Entrada similar ","img":{"alt_text":"","src":"https:\/\/i0.wp.com\/www.kepadrisimo.com\/wp-content\/uploads\/2018\/12\/154442388582240126668855962416464915197835561464064.jpg?fit=496%2C301&ssl=1&resize=350%2C200","width":350,"height":200},"classes":[]},{"id":576,"url":"https:\/\/www.kepadrisimo.com\/index.php\/producto\/tramo-recto-para-autopista-anki-drive\/","url_meta":{"origin":601,"position":2},"title":"Tramo recto para autopista Anki drive","date":"31 diciembre, 2017","format":false,"excerpt":"Utiliza tu dispositivo m\u00f3vil para tomar control de los super autos rob\u00f3ticos en tu autopista Anki Overdrive, expande tu pista, construyendo rectas de alta velocidad sin escapatoria alguna. \u00a0 Requiere un sistema de juego Anki Overdrive","rel":"","context":"Entrada similar ","img":{"alt_text":"","src":"https:\/\/i0.wp.com\/www.kepadrisimo.com\/wp-content\/uploads\/2017\/12\/41FgS-bWssL._SY400_.jpg?fit=400%2C400&ssl=1&resize=350%2C200","width":350,"height":200},"classes":[]},{"id":480,"url":"https:\/\/www.kepadrisimo.com\/index.php\/producto\/autopista-anki-overdrive\/","url_meta":{"origin":601,"position":3},"title":"Autopista Anki Overdrive","date":"8 diciembre, 2017","format":false,"excerpt":"NoLo \u00faltimo y lo m\u00e1s esperado por ustedes y nosotros... Anki Overdrive --- Fast and Furious Edition Esta autopista esta y la traemos hasta ti, ve ahorrando y juntando todos tus domingos, los pesitos que te dan tus abuelitos o la lana que te ahorraste mientras sal\u00edas o no, con\u2026","rel":"","context":"Con 2 comentarios","img":{"alt_text":"","src":"https:\/\/i0.wp.com\/www.kepadrisimo.com\/wp-content\/uploads\/2017\/12\/IMG-20171222-WA0032.jpg?fit=500%2C366&ssl=1&resize=350%2C200","width":350,"height":200},"classes":[]},{"id":1994,"url":"https:\/\/www.kepadrisimo.com\/index.php\/producto\/playera-interactiva-de-guitarra\/","url_meta":{"origin":601,"position":4},"title":"Playera interactiva de Guitarra Dama","date":"5 diciembre, 2021","format":false,"excerpt":"Toca de verdad cualquier rola con esta innovadora playera. Con su mini amplificador podr\u00e1s escuchar a todo vol\u00famen tus interpretaciones. Utiliza 4 bater\u00edas AAA (no incluidas). Talla XL oriental (Mediana para M\u00e9xico). \u00danica talla y \u00fanico color. Saldos: playera nueva empaque maltratado. Adqui\u00e9rela con el 50% de descuento. \u00daltimas piezas!!!","rel":"","context":"Entrada similar ","img":{"alt_text":"Playera guitarra frente","src":"https:\/\/i0.wp.com\/www.kepadrisimo.com\/wp-content\/uploads\/2021\/12\/IMG_20210805_173105-scaled.jpg?fit=900%2C1200&ssl=1&resize=350%2C200","width":350,"height":200},"classes":[]},{"id":2005,"url":"https:\/\/www.kepadrisimo.com\/index.php\/producto\/playera-interactiva-de-guitarra-2\/","url_meta":{"origin":601,"position":5},"title":"Playera interactiva de Guitarra","date":"5 diciembre, 2021","format":false,"excerpt":"\u00a0 \u00a0 Toca de verdad cualquier rola con esta innovadora playera. Con su mini amplificador podr\u00e1s escuchar a todo vol\u00famen tus interpretaciones. Utiliza 4 bater\u00edas AAA (no incluidas). Talla de ni\u00f1o 6 a\u00f1os \u00danica talla y \u00fanico color. Saldos: playera nueva empaque maltratado. Adqui\u00e9rela con el 50% de descuento. \u00danica\u2026","rel":"","context":"Entrada similar ","img":{"alt_text":"","src":"https:\/\/i0.wp.com\/www.kepadrisimo.com\/wp-content\/uploads\/2021\/12\/IMG_20211030_191024-scaled.jpg?fit=900%2C1200&ssl=1&resize=350%2C200","width":350,"height":200},"classes":[]}],"_links":{"self":[{"href":"https:\/\/www.kepadrisimo.com\/index.php\/wp-json\/wp\/v2\/product\/601"}],"collection":[{"href":"https:\/\/www.kepadrisimo.com\/index.php\/wp-json\/wp\/v2\/product"}],"about":[{"href":"https:\/\/www.kepadrisimo.com\/index.php\/wp-json\/wp\/v2\/types\/product"}],"replies":[{"embeddable":true,"href":"https:\/\/www.kepadrisimo.com\/index.php\/wp-json\/wp\/v2\/comments?post=601"}],"wp:featuredmedia":[{"embeddable":true,"href":"https:\/\/www.kepadrisimo.com\/index.php\/wp-json\/wp\/v2\/media\/606"}],"wp:attachment":[{"href":"https:\/\/www.kepadrisimo.com\/index.php\/wp-json\/wp\/v2\/media?parent=601"}],"wp:term":[{"taxonomy":"product_cat","embeddable":true,"href":"https:\/\/www.kepadrisimo.com\/index.php\/wp-json\/wp\/v2\/product_cat?post=601"},{"taxonomy":"product_tag","embeddable":true,"href":"https:\/\/www.kepadrisimo.com\/index.php\/wp-json\/wp\/v2\/product_tag?post=601"}],"curies":[{"name":"wp","href":"https:\/\/api.w.org\/{rel}","templated":true}]}}