{"id":2021,"date":"2021-12-19T13:21:52","date_gmt":"2021-12-19T19:21:52","guid":{"rendered":"https:\/\/www.kepadrisimo.com\/?post_type=product&#038;p=2021"},"modified":"2025-05-24T14:14:53","modified_gmt":"2025-05-24T20:14:53","slug":"escultura-de-black-panther","status":"publish","type":"product","link":"https:\/\/www.kepadrisimo.com\/index.php\/producto\/escultura-de-black-panther\/","title":{"rendered":"Escultura de Black Panther"},"content":{"rendered":"<p>\u00a1Estatua ArtFX + de Black Panther de 12 1\/2 pulgadas de alto, escala 1\/6!<\/p>\n<p>\u2022 Inspirado en la pel\u00edcula Black Panther de 2018.<br \/>\n\u2022 La base\u00a0 presenta las antiguas ruinas del pa\u00eds de origen de T&#8217;Challa.<br \/>\n\u2022 Este rey para la gente de Wakanda es un superh\u00e9roe al que hay que tener cuidado &#8230; \u00a1y coleccionar!<br \/>\nCon un debut aplastante en la pel\u00edcula m\u00e1s taquillera de 2016 y el lanzamiento de su propio largometraje en 2018, Black Panther hace su entrada en la aclamada l\u00ednea ArtFX de Kotobukiya. Los detalles del traje y las garras de T&#8217;Challa est\u00e1n esculpidos con asombrosos detalles en esta estatua ArtFX.<\/p>\n<div id=\"vi-frag-app-sellerinfo-atf\" class=\"app-sellerinfo-wrapper vi-sellerinfo cc-stdmargin__top cc-stdmargin__bottom\">\n<div class=\"row \">\n<div class=\"vi-row-full\">\n<div class=\"vim x-sellercard-atf\" data-testid=\"x-sellercard-atf\">\n<div class=\"x-sellercard-atf__content\" data-testid=\"x-sellercard-atf__content\">\n<div class=\"x-sellercard-atf__image-wrap\"><\/div>\n<\/div>\n<\/div>\n<\/div>\n<\/div>\n<\/div>\n","protected":false},"excerpt":{"rendered":"<p>Escultura de colecci\u00f3n de Black Panther realizada por Kotobukiya Artfx, escala 1\/6.<\/p>\n","protected":false},"featured_media":899,"comment_status":"open","ping_status":"closed","template":"","meta":{"spay_email":"","jetpack_publicize_message":"","jetpack_is_tweetstorm":false,"jetpack_publicize_feature_enabled":true},"product_cat":[85],"product_tag":[111,86,109,110,70],"jetpack_publicize_connections":[],"jetpack_sharing_enabled":true,"jetpack_likes_enabled":true,"jetpack-related-posts":[{"id":2029,"url":"https:\/\/www.kepadrisimo.com\/index.php\/producto\/escultura-de-groot-y-rocket-racoon\/","url_meta":{"origin":2021,"position":0},"title":"Escultura de Groot y Rocket Racoon.","date":"19 diciembre, 2021","format":false,"excerpt":"Escultura escala 1\/9 de Groot y Rocket Racoon de las marca Dragon.","rel":"","context":"Entrada similar ","img":{"alt_text":"","src":"https:\/\/i0.wp.com\/www.kepadrisimo.com\/wp-content\/uploads\/2021\/12\/IMG_20211122_121348-scaled.jpg?fit=900%2C1200&ssl=1&resize=350%2C200","width":350,"height":200},"classes":[]},{"id":2070,"url":"https:\/\/www.kepadrisimo.com\/index.php\/producto\/figuras-coleccionables-de-hawkeye-y-logan\/","url_meta":{"origin":2021,"position":1},"title":"Figuras coleccionables de Hawkeye y Logan","date":"20 diciembre, 2021","format":false,"excerpt":"Figuras coleccionables de Hawkeye y Logan de 6\".","rel":"","context":"Entrada similar ","img":{"alt_text":"","src":"https:\/\/i0.wp.com\/www.kepadrisimo.com\/wp-content\/uploads\/2021\/12\/IMG_20210201_113842-scaled.jpg?fit=1200%2C963&ssl=1&resize=350%2C200","width":350,"height":200},"classes":[]},{"id":952,"url":"https:\/\/www.kepadrisimo.com\/index.php\/producto\/big-bang-para-anki-over-drive\/","url_meta":{"origin":2021,"position":2},"title":"Big Bang para Anki Over Drive","date":"14 abril, 2020","format":false,"excerpt":"Veh\u00edculo robotizado para expandir tu autopista Anki Overdrive. Se requiere un dispositivo inteligente ya sea tel\u00e9fono o tableta y la descarga de la aplicaci\u00f3n de Anki Overdrive. \u00a0","rel":"","context":"Entrada similar ","img":{"alt_text":"","src":"https:\/\/i0.wp.com\/www.kepadrisimo.com\/wp-content\/uploads\/2018\/12\/154442388582240126668855962416464915197835561464064.jpg?fit=496%2C301&ssl=1&resize=350%2C200","width":350,"height":200},"classes":[]},{"id":480,"url":"https:\/\/www.kepadrisimo.com\/index.php\/producto\/autopista-anki-overdrive\/","url_meta":{"origin":2021,"position":3},"title":"Autopista Anki Overdrive","date":"8 diciembre, 2017","format":false,"excerpt":"NoLo \u00faltimo y lo m\u00e1s esperado por ustedes y nosotros... Anki Overdrive --- Fast and Furious Edition Esta autopista esta y la traemos hasta ti, ve ahorrando y juntando todos tus domingos, los pesitos que te dan tus abuelitos o la lana que te ahorraste mientras sal\u00edas o no, con\u2026","rel":"","context":"Con 2 comentarios","img":{"alt_text":"","src":"https:\/\/i0.wp.com\/www.kepadrisimo.com\/wp-content\/uploads\/2017\/12\/IMG-20171222-WA0032.jpg?fit=500%2C366&ssl=1&resize=350%2C200","width":350,"height":200},"classes":[]},{"id":601,"url":"https:\/\/www.kepadrisimo.com\/index.php\/producto\/freewheel-para-anki-overdrive-copia\/","url_meta":{"origin":2021,"position":4},"title":"Freewheel Supertruck para Anki Overdrive","date":"14 abril, 2021","format":false,"excerpt":"Anki Overdrive, el sistema inteligente de carreras de combate m\u00e1s avanzado del mundo, utiliza tu dispositivo m\u00f3vil favorito para conducir v\u00eda bluetooth, tus super autos en una autopista totalmente nueva, distinta y adictiva. Toma el control de verdaderos super autos y camiones ! Ahora ponemos a tu disposici\u00f3n este fant\u00e1stico\u2026","rel":"","context":"Entrada similar ","img":{"alt_text":"","src":"https:\/\/i0.wp.com\/www.kepadrisimo.com\/wp-content\/uploads\/2018\/02\/7170pkxqqhl-1562109746-1.jpg?fit=1200%2C858&ssl=1&resize=350%2C200","width":350,"height":200},"classes":[]},{"id":2042,"url":"https:\/\/www.kepadrisimo.com\/index.php\/producto\/mcfarlane-dc-collector-multipack-superman-vs-devastator\/","url_meta":{"origin":2021,"position":5},"title":"McFarlane DC Collector Multipack &#8211; Superman Vs Devastator","date":"19 diciembre, 2021","format":false,"excerpt":"Impresionante pack de Superman Vs Devastator de 7\" de la marca Macfarlane.","rel":"","context":"Entrada similar ","img":{"alt_text":"","src":"https:\/\/i0.wp.com\/www.kepadrisimo.com\/wp-content\/uploads\/2021\/12\/IMG_20211007_170405-scaled.jpg?fit=1200%2C900&ssl=1&resize=350%2C200","width":350,"height":200},"classes":[]}],"_links":{"self":[{"href":"https:\/\/www.kepadrisimo.com\/index.php\/wp-json\/wp\/v2\/product\/2021"}],"collection":[{"href":"https:\/\/www.kepadrisimo.com\/index.php\/wp-json\/wp\/v2\/product"}],"about":[{"href":"https:\/\/www.kepadrisimo.com\/index.php\/wp-json\/wp\/v2\/types\/product"}],"replies":[{"embeddable":true,"href":"https:\/\/www.kepadrisimo.com\/index.php\/wp-json\/wp\/v2\/comments?post=2021"}],"wp:featuredmedia":[{"embeddable":true,"href":"https:\/\/www.kepadrisimo.com\/index.php\/wp-json\/wp\/v2\/media\/899"}],"wp:attachment":[{"href":"https:\/\/www.kepadrisimo.com\/index.php\/wp-json\/wp\/v2\/media?parent=2021"}],"wp:term":[{"taxonomy":"product_cat","embeddable":true,"href":"https:\/\/www.kepadrisimo.com\/index.php\/wp-json\/wp\/v2\/product_cat?post=2021"},{"taxonomy":"product_tag","embeddable":true,"href":"https:\/\/www.kepadrisimo.com\/index.php\/wp-json\/wp\/v2\/product_tag?post=2021"}],"curies":[{"name":"wp","href":"https:\/\/api.w.org\/{rel}","templated":true}]}}