{"id":1046,"date":"2020-03-05T19:55:44","date_gmt":"2020-03-06T01:55:44","guid":{"rendered":"http:\/\/www.kepadrisimo.com\/?page_id=1046"},"modified":"2020-03-13T08:04:22","modified_gmt":"2020-03-13T14:04:22","slug":"politicas-y-garantias","status":"publish","type":"page","link":"https:\/\/www.kepadrisimo.com\/index.php\/tienda\/politicas-y-garantias\/","title":{"rendered":"Pol\u00edticas y garant\u00edas"},"content":{"rendered":"\n<figure class=\"wp-block-image size-large is-resized\"><img loading=\"lazy\" decoding=\"async\" data-attachment-id=\"1389\" data-permalink=\"https:\/\/www.kepadrisimo.com\/ephoto_1565056513013\/\" data-orig-file=\"https:\/\/i0.wp.com\/www.kepadrisimo.com\/wp-content\/uploads\/2020\/03\/ephoto_1565056513013.jpg?fit=768%2C515&amp;ssl=1\" data-orig-size=\"768,515\" data-comments-opened=\"1\" data-image-meta=\"{&quot;aperture&quot;:&quot;0&quot;,&quot;credit&quot;:&quot;&quot;,&quot;camera&quot;:&quot;&quot;,&quot;caption&quot;:&quot;&quot;,&quot;created_timestamp&quot;:&quot;0&quot;,&quot;copyright&quot;:&quot;&quot;,&quot;focal_length&quot;:&quot;0&quot;,&quot;iso&quot;:&quot;0&quot;,&quot;shutter_speed&quot;:&quot;0&quot;,&quot;title&quot;:&quot;&quot;,&quot;orientation&quot;:&quot;0&quot;}\" data-image-title=\"ephoto_1565056513013\" data-image-description=\"&lt;p&gt;Reglas del juego en KEpadr\u00edsimo, para una mejor y m\u00e1s sana convivencia.&lt;\/p&gt;\n\" data-image-caption=\"&lt;p&gt;Politicas de KEpadrisimo&lt;\/p&gt;\n\" data-medium-file=\"https:\/\/i0.wp.com\/www.kepadrisimo.com\/wp-content\/uploads\/2020\/03\/ephoto_1565056513013.jpg?fit=300%2C201&amp;ssl=1\" data-large-file=\"https:\/\/i0.wp.com\/www.kepadrisimo.com\/wp-content\/uploads\/2020\/03\/ephoto_1565056513013.jpg?fit=768%2C515&amp;ssl=1\" src=\"https:\/\/i0.wp.com\/www.kepadrisimo.com\/wp-content\/uploads\/2020\/03\/ephoto_1565056513013.jpg?resize=384%2C258&#038;ssl=1\" alt=\"KEpol\u00edticas\" class=\"wp-image-1389\" width=\"384\" height=\"258\" srcset=\"https:\/\/i0.wp.com\/www.kepadrisimo.com\/wp-content\/uploads\/2020\/03\/ephoto_1565056513013.jpg?w=768&amp;ssl=1 768w, https:\/\/i0.wp.com\/www.kepadrisimo.com\/wp-content\/uploads\/2020\/03\/ephoto_1565056513013.jpg?resize=300%2C201&amp;ssl=1 300w, https:\/\/i0.wp.com\/www.kepadrisimo.com\/wp-content\/uploads\/2020\/03\/ephoto_1565056513013.jpg?resize=600%2C402&amp;ssl=1 600w\" sizes=\"auto, (max-width: 384px) 100vw, 384px\" data-recalc-dims=\"1\" \/><figcaption>Politicas de KEpadrisimo<\/figcaption><\/figure>\n\n\n\n<p><strong>Env\u00edos y tiempos de entrega<\/strong><\/p>\n\n\n\n<p><br>Permite entre 24 y 48 horas para procesar la orden.<\/p>\n\n\n<p><!--StartFragment--><\/p>\n\n\n<p><br>Todos los env\u00edos dentro de Territorio Mexicano, se realizan a trav\u00e9s de distintas mensajer\u00edas como por ejemplo: FEDEX, DHL, Multipack, REDPACK \u00f3 Estafeta y viajan con seguro incluido, bajo el resguardo de la empresa transportadora.<br>Es importante que tomes en cuenta que se utilizar\u00e1 a la empresa de mensajer\u00eda que tenga cobertura en tu localidad y que en ning\u00fan momento KEpadr\u00edsimo tiene alguna responsabilidad en atrasos, demoras o dificultades que presenten estas empresas al momento de realizar la entrega de los env\u00edos.<br><br>En caso de solicitar el env\u00edo por alg\u00fan otro medio distinto a los aqu\u00ed expresados, se cobrar\u00e1n los gastos de acuerdo a la tarifa vigente, peso y volumen del paquete.<br>Las entregas son realizadas por las empresas de mensajer\u00eda y est\u00e1n sujetas al itinerario y recorrido de rutas que realizan, por lo que NO es posible hacer entregas programadas en d\u00edas u horas espec\u00edficas.<\/p>\n\n\n\n<p><strong>Ahora puedes realizar tus pagos por correo electr\u00f3nico de PAYPAL mediante tarjeta de cr\u00e9dito, d\u00e9bito o transferencia bancaria.<\/strong><br>Recibe en t\u00fa correo, el link de acceso y pago seguro mediante PAYPAL<br><br><strong>Los precios en estas p\u00e1gina, son precio p\u00fablico (No Factura Comercial)<br>Si requieres factura, ponte en contacto con nosotros.<\/strong><br><br><strong>Env\u00edos al extranjero<\/strong><br>Sentimos mucho no poder enviarte nuestros productos fuera de M\u00e9xico, por el momento, solo entregamos dentro de la Rep\u00fablica Mexicana, en breve habilitaremos entregas en t\u00fa pa\u00eds.<br><br><strong>Restricciones de Env\u00edo<\/strong><br>No se hacen env\u00edos de pago contra entrega.<br>No enviamos a Listas de Correo.<br>No se hacen env\u00edos a direcciones &#8220;Domicilio Conocido&#8221;.<br><br><strong>Tiempos de Entrega<\/strong><br><br>Una vez confirmado el dep\u00f3sito \u00f3 pago del producto, procesar un pedido toma entre 24 y 48 horas, para comenzar el tr\u00e1mite de la solicitud y env\u00edo del producto.<br>El tiempo de entrega de los productos var\u00eda de acuerdo al tipo de producto, la disponibilidad del mismo y lugar de destino.<br><br>El env\u00edo se realiza desde la Ciudad de M\u00e9xico. Su tiempo var\u00eda desde 2 hasta 8 d\u00edas h\u00e1biles, a menos que se especifique lo contrario en las caracter\u00edsticas del producto, tales como personalizaci\u00f3n, materiales de fabricaci\u00f3n u otras razones.<br><br>Cancelar un producto en tr\u00e1nsito, puede resultar en cobro de cancelaci\u00f3n, costos extras en su devoluci\u00f3n, as\u00ed como el costo de env\u00edo o mensajer\u00eda, el cual no ser\u00e1 reembolsable conforme a las pol\u00edticas de la empresa.<br><br>Para un retorno o cancelaci\u00f3n, deber\u00e1s ponerte en contacto con KEpadr\u00edsimo, para realizar el tr\u00e1mite o solicitud de cancelaci\u00f3n de mercanc\u00eda en tr\u00e1nsito.<\/p>\n\n\n\n<p><strong>Costos de Env\u00edo<\/strong><br>Los costos de env\u00edo se calculan autom\u00e1ticamente en el momento de ingresar el art\u00edculo al Carrito de Compras e iniciar el proceso de compra. Si deseas consultar la cotizaci\u00f3n de tu env\u00edo, puedes hacerlo v\u00eda e-mail o a trav\u00e9s de nuestra p\u00e1gina de contacto.<br><br><strong>Pol\u00edticas de devoluci\u00f3n y cambio de mercanc\u00eda<\/strong><br>Nuestro compromiso es ofrecerte una experiencia de compra satisfactoria, por lo que en caso de que el art\u00edculo no sea de tu satisfacci\u00f3n deber\u00e1s hacer lo siguiente:<br><\/p>\n\n\n\n<p>Producto con Defecto de Fabricaci\u00f3n: Te sugerimos que consultes nuestra Pol\u00edtica de Garant\u00edas.<\/p>\n\n\n\n<p><br>Producto Incompleto: Deber\u00e1s notificar telef\u00f3nicamente o v\u00eda email ventas@kepadrisimo.com dentro de un lapso no mayor a 2 d\u00edas h\u00e1biles contados a partir de la fecha en que recibas el producto bajo las siguientes condiciones:<\/p>\n\n\n\n<ul class=\"wp-block-list\"><li>Si no recibiste el producto en las condiciones esperadas.<\/li><li>Si lleg\u00f3 incompleto en alguna de sus piezas.<\/li><li>Si el producto te lleg\u00f3 da\u00f1ado, quebrado, rayado, roto, arrugado o astillado.<\/li><li>Producto equivocado o abierto.<\/li><li>Empaque adulterado.<br><\/li><\/ul>\n\n\n\n<p>Como parte de nuestros procedimientos de operaci\u00f3n, todo producto antes de su env\u00edo es verificado, tanto en su estado f\u00edsico, como funcionamiento y complementos.<br><br>El producto deber\u00e1 ser devuelto en perfecto estado, cerrado (en caso de que la equivocaci\u00f3n sea visible en la superficie del producto) o en su empaque original, acompa\u00f1ado de sus manuales y accesorios (en el caso de que lo hayas tenido que abrir para darte cuenta de que existe incongruencia entre el empaque y el contenido del producto) \u00f3 incluso que no haya sido de tu agrado.<\/p>\n\n\n\n<p><br><strong>Cancelaci\u00f3n de productos y pedidos<\/strong><br>Para cancelar t\u00fa pedido es necesario que notifiques v\u00eda telef\u00f3nica o por correo electr\u00f3nico, que NO deseas recibir tu compra. Esta notificaci\u00f3n deber\u00e1 ser efectuada dentro del lapso de 24 horas de confirmaci\u00f3n, pago o dep\u00f3sito del valor de la operaci\u00f3n, o bien antes de ser enviado o entregado a la l\u00ednea de mensajer\u00eda, ya que una vez embarcado, el costo en gastos de env\u00edo y manejo no entran en la operaci\u00f3n de cancelaci\u00f3n o retorno del costo.<br><br>Para cualquier duda o aclaraci\u00f3n, deber\u00e1s de hacer de nuestro conocimiento, t\u00fa requerimiento para resolver lo m\u00e1s r\u00e1pido posible y en los mejores t\u00e9rminos la cancelaci\u00f3n.<\/p>\n\n\n\n<p><strong>Pol\u00edticas de Garant\u00eda<\/strong><br>Los productos comercializados por KEpadr\u00edsimo cuentan con un periodo de garant\u00eda establecido en la p\u00f3liza de f\u00e1brica que viene en el interior del empaque del producto, la cual var\u00eda de acuerdo a la marca y modelo del producto adquirido. A partir de que recibas el producto podr\u00e1s hacer v\u00e1lida la garant\u00eda del mismo, report\u00e1ndolo telef\u00f3nicamente o acudiendo con la factura de compra a los Centros de Servicio Autorizados descritos en la P\u00f3liza de Garant\u00eda.<\/p>\n\n\n\n<p>En el caso de que el producto adquirido no est\u00e9 disponible por rotaci\u00f3n de inventarios para ser sustitu\u00eddo, KEpadr\u00edsimo realizar\u00e1 la devoluci\u00f3n del importe \u00f3 la sustituci\u00f3n por un modelo de costo similar.<\/p>\n\n\n\n<p><strong>Garant\u00eda de Satisfacci\u00f3n<\/strong><br>KEpadr\u00edsimo, otorga 5 d\u00edas como m\u00e1ximo para realizar la devoluci\u00f3n por factores distintos al mal funcionamiento del producto (No aplica en software y\/o medios). El reembolso se realiza contra entrega del producto, conforme a lo establecido en las pol\u00edticas de devoluci\u00f3n y cambio de mercancia.<\/p>\n\n\n\n<p><strong>Bajo su consentimiento<\/strong><br>Al usar este sitio, aceptas las pol\u00edticas de privacidad de nuestro sitio WEB.<\/p>\n\n\n\n<p><br><strong>Cambios a nuestras pol\u00edticas<\/strong><br>En el caso de que KEpadr\u00edsimo, decida cambiar las pol\u00edticas mencionadas en esta p\u00e1gina, ser\u00e1n actualizadas en este mismo rubro.<\/p>\n\n\n\n<p>Si tienes dudas acerca de las pol\u00edticas o uso del sitio, puedes establecer&nbsp;<a href=\"contacto.php\">contacto aqu\u00ed<\/a><\/p>\n\n\n<p><!--EndFragment--><\/p>","protected":false},"excerpt":{"rendered":"<p>Env\u00edos y tiempos de entrega Permite entre 24 y 48 horas para procesar la orden. Todos los env\u00edos dentro de Territorio Mexicano, se realizan a trav\u00e9s de distintas mensajer\u00edas como por ejemplo: FEDEX, DHL, Multipack, REDPACK \u00f3 Estafeta y viajan con seguro incluido, bajo el resguardo de la empresa transportadora.Es importante que tomes en cuenta [&hellip;]<\/p>\n","protected":false},"author":1,"featured_media":0,"parent":70,"menu_order":1,"comment_status":"closed","ping_status":"closed","template":"","meta":{"spay_email":"","footnotes":""},"class_list":["post-1046","page","type-page","status-publish","czr-hentry"],"jetpack_sharing_enabled":false,"jetpack_shortlink":"https:\/\/wp.me\/P9n2l2-gS","jetpack_likes_enabled":false,"jetpack-related-posts":[{"id":5,"url":"https:\/\/www.kepadrisimo.com\/index.php\/acerca-de\/","url_meta":{"origin":1046,"position":0},"title":"Qui\u00e9nes somos","date":"8 noviembre, 2017","format":false,"excerpt":"Somos una empresa que tiene el objetivo de ofrecerte art\u00edculos sorprendentes y divertidos, pero ante todo, buscamos obtener una sonrisa de tu rostro. Somos una divisi\u00f3n de KE Comercializadora, enfocada a proporcionarte lo mejor en tecnolog\u00eda para que verdaderamente te sorprendas y sorprendas a los dem\u00e1s. Visi\u00f3n Somos una empresa\u2026","rel":"","context":"Entrada similar ","img":{"alt_text":"","src":"https:\/\/i0.wp.com\/www.kepadrisimo.com\/wp-content\/uploads\/2017\/11\/kepadrisimo_s_mascot_origin-257x300.jpg?resize=350%2C200","width":350,"height":200},"classes":[]},{"id":1649,"url":"https:\/\/www.kepadrisimo.com\/index.php\/tienda\/empresas-recomendadas\/","url_meta":{"origin":1046,"position":1},"title":"Empresas Recomendadas","date":"7 mayo, 2020","format":false,"excerpt":"Te traemos un conjunto de PYMES y profesionales, que se han vuelto de nuestros favoritos, ya sea por su desempe\u00f1o, su servicio, su atenci\u00f3n, su dedicaci\u00f3n o por todo ello y m\u00e1s. Simplemente, nuestras recomendaciones para hacer negocios o recibir alg\u00fan servicio de su parte. En resumen: KEpadr\u00edsimas recomendaciones de\u2026","rel":"","context":"Entrada similar ","img":{"alt_text":"","src":"https:\/\/i0.wp.com\/www.kepadrisimo.com\/wp-content\/uploads\/2020\/04\/ephoto_1588114181438.jpg?fit=768%2C432&ssl=1&resize=350%2C200","width":350,"height":200},"classes":[]},{"id":6,"url":"https:\/\/www.kepadrisimo.com\/index.php\/contactanos\/","url_meta":{"origin":1046,"position":2},"title":"Cont\u00e1ctanos","date":"8 noviembre, 2017","format":false,"excerpt":"Donde estamos???? Nos encontramos en Tlalnepantla Estado de M\u00e9xico, pero como sabemos que no todos pueden venir a estos rumbos, hemos optado por acercarles los productos un poco m\u00e1s; ahora realizamos entregas personales en: La panader\u00eda \u201cLa Era\u201d que se encuentra en Bulevar de los Continentes en el fraccionamiento Valle\u2026","rel":"","context":"Entrada similar ","img":{"alt_text":"","src":"https:\/\/i0.wp.com\/www.kepadrisimo.com\/wp-content\/uploads\/2018\/10\/IMG_20180621_152612.jpg?fit=900%2C1200&ssl=1&resize=350%2C200","width":350,"height":200},"classes":[]},{"id":179,"url":"https:\/\/www.kepadrisimo.com\/index.php\/tecnologia-que-deseamos-ya\/","url_meta":{"origin":1046,"position":3},"title":"Producto Estelar!","date":"25 noviembre, 2017","format":false,"excerpt":"Lo \u00faltimo y lo m\u00e1s esperado por ustedes y nosotros... Iron man\u00a0 --- MK 50 Robot\u00a0 por UBTech Ponte el traje de Tony Stark con la ic\u00f3nica armadura Mark 50 y entra en combate en una serie de campos de batalla y algunos de prueba que fueron desarrollados por su\u2026","rel":"","context":"En &quot;KE padrisimo&quot;","img":{"alt_text":"","src":"https:\/\/i0.wp.com\/www.kepadrisimo.com\/wp-content\/uploads\/2020\/12\/UBTECH_IRONMAN_4-1024x1024.jpg?resize=350%2C200&ssl=1","width":350,"height":200},"classes":[]},{"id":4,"url":"https:\/\/www.kepadrisimo.com\/","url_meta":{"origin":1046,"position":4},"title":"Recomenzamos desde el principio","date":"8 noviembre, 2017","format":false,"excerpt":"Les traemos un \"tip\" en video para darle mantenimiento y cuidado a esos incre\u00edbles autos rob\u00f3ticos de tu preciosa e invaluable autopista Anki Overdrive Fast and Furious. S\u00ed no tienes una autopista inteligente, compra la tuya ya, te sorprender\u00e1 ! https:\/\/www.kepadrisimo.com\/index.php\/producto\/autopista-anki-overdrive\/","rel":"","context":"Entrada similar ","img":{"alt_text":"","src":"","width":0,"height":0},"classes":[]},{"id":70,"url":"https:\/\/www.kepadrisimo.com\/index.php\/tienda\/","url_meta":{"origin":1046,"position":5},"title":"Tienda","date":"11 noviembre, 2017","format":false,"excerpt":"Lo m\u00e1s innovador, creativo y funcional, al alcance de tu bolsillo.","rel":"","context":"Entrada similar ","img":{"alt_text":"","src":"https:\/\/i0.wp.com\/www.kepadrisimo.com\/wp-content\/uploads\/2017\/11\/Bocinas-Bluetooth-Contra-Agua-300x300.jpg?resize=350%2C200","width":350,"height":200},"classes":[]}],"_links":{"self":[{"href":"https:\/\/www.kepadrisimo.com\/index.php\/wp-json\/wp\/v2\/pages\/1046","targetHints":{"allow":["GET"]}}],"collection":[{"href":"https:\/\/www.kepadrisimo.com\/index.php\/wp-json\/wp\/v2\/pages"}],"about":[{"href":"https:\/\/www.kepadrisimo.com\/index.php\/wp-json\/wp\/v2\/types\/page"}],"author":[{"embeddable":true,"href":"https:\/\/www.kepadrisimo.com\/index.php\/wp-json\/wp\/v2\/users\/1"}],"replies":[{"embeddable":true,"href":"https:\/\/www.kepadrisimo.com\/index.php\/wp-json\/wp\/v2\/comments?post=1046"}],"version-history":[{"count":6,"href":"https:\/\/www.kepadrisimo.com\/index.php\/wp-json\/wp\/v2\/pages\/1046\/revisions"}],"predecessor-version":[{"id":1647,"href":"https:\/\/www.kepadrisimo.com\/index.php\/wp-json\/wp\/v2\/pages\/1046\/revisions\/1647"}],"up":[{"embeddable":true,"href":"https:\/\/www.kepadrisimo.com\/index.php\/wp-json\/wp\/v2\/pages\/70"}],"wp:attachment":[{"href":"https:\/\/www.kepadrisimo.com\/index.php\/wp-json\/wp\/v2\/media?parent=1046"}],"curies":[{"name":"wp","href":"https:\/\/api.w.org\/{rel}","templated":true}]}}